hest common factor of 39463 and 2178773.
2077
What is the highest common divisor of 119 and 101153213?
119
What is the highest common factor of 121 and 6700947?
11
What is the highest common factor of 140 and 177228716?
28
Calculate the greatest common divisor of 330937 and 4776.
199
Calculate the greatest common divisor of 1824305482 and 38.
38
What is the greatest common factor of 1312 and 7556464?
656
What is the highest common factor of 968583 and 66297?
1617
Calculate the greatest common divisor of 59706409 and 5348.
1337
Calculate the greatest common divisor of 134 and 215849679.
67
What is the greatest common factor of 5515 and 74455809?
1103
What is the highest common divisor of 18909223 and 1?
1
What is the highest common factor of 143 and 509483?
13
Calculate the greatest common divisor of 784238 and 660548.
434
What is the highest common divisor of 231025230 and 75?
15
What is the highest common factor of 57035 and 57692580?
3355
What is the highest common divisor of 41 and 92855201?
41
Calculate the greatest common divisor of 3090 and 6665748.
618
Calculate the highest common divisor of 5320 and 1880760.
280
What is the highest common divisor of 632 and 5398702?
158
Calculate the highest common divisor of 28665 and 2601.
9
What is the highest common factor of 382139 and 1375991?
1453
What is the highest common factor of 285059 and 555146?
197
What is the highest common factor of 418392 and 1161?
27
What is the greatest common factor of 638481092 and 76?
76
What is the highest common divisor of 32562908 and 4?
4
Calculate the highest common divisor of 153755 and 3291694.
1337
What is the greatest common factor of 2429 and 222662266?
347
Calculate the highest common factor of 144048 and 90387119.
3001
Calculate the highest common divisor of 324168 and 7332.
156
Calculate the highest common factor of 14801 and 4366181.
19
What is the greatest common divisor of 60 and 20657016?
12
What is the highest common divisor of 49241088 and 82368?
7488
What is the highest common divisor of 1048089 and 8526?
609
Calculate the highest common factor of 410844 and 10038084.
6132
Calculate the highest common factor of 16416 and 1779122.
38
What is the greatest common factor of 509420 and 21160?
20
Calculate the highest common factor of 273 and 30402743.
7
What is the greatest common divisor of 37002 and 1722?
42
What is the highest common factor of 320 and 65702620?
20
Calculate the highest common divisor of 33072 and 664060956.
8268
What is the highest common factor of 29190234 and 10071?
1119
Calculate the highest common divisor of 41800 and 19610584.
152
Calculate the highest common divisor of 25 and 1573.
1
What is the greatest common factor of 45801 and 65331?
63
What is the highest common factor of 3689708 and 88?
44
What is the highest common factor of 58 and 1637244996?
58
Calculate the highest common divisor of 4610097720 and 30.
30
What is the highest common divisor of 2599018 and 9118?
194
Calculate the greatest common factor of 192170 and 6484864.
3494
Calculate the highest common factor of 620 and 16997840.
20
What is the greatest common factor of 55598760 and 1260?
1260
What is the greatest common factor of 23727 and 487482?
2157
What is the greatest common factor of 15 and 2564750?
5
Calculate the highest common divisor of 160892465 and 185.
185
What is the highest common factor of 21495 and 93435?
15
What is the greatest common divisor of 575 and 4188185?
115
What is the highest common factor of 13017090 and 1025?
205
Calculate the highest common divisor of 39182 and 1389102.
286
Calculate the highest common factor of 2757908 and 74836.
212
What is the greatest common divisor of 27748112 and 5096?
392
Calculate the highest common factor of 606480 and 11340.
420
Calculate the highest common divisor of 14064606 and 54.
18
Calculate the greatest common divisor of 61165 and 38155.
65
Calculate the highest common divisor of 1368060 and 96036.
1812
What is the greatest common divisor of 210 and 279888?
42
What is the greatest common divisor of 55875 and 51?
3
Calculate the greatest common factor of 813342 and 203194.
566
Calculate the greatest common factor of 2760 and 2610684.
276
What is the greatest common divisor of 9605249 and 1927?
47
What is the highest common divisor of 1526796 and 192960?
2412
Calculate the greatest common factor of 64 and 3756021056.
64
Calculate the greatest common factor of 37764243 and 265599.
9837
Calculate the greatest common factor of 491 and 114973051.
491
What is the highest common factor of 702 and 3950466?
78
What is the highest common factor of 16824 and 881586012?
8412
Calculate the highest common divisor of 7573624 and 8464.
184
Calculate the highest common factor of 834008 and 19663.
371
Calculate the highest common divisor of 4715 and 2095346.
943
What is the highest common factor of 545 and 603972815?
545
Calculate the highest common divisor of 308 and 12962236.
28
Calculate the highest common divisor of 101400 and 8620.
20
What is the greatest common factor of 69199833 and 393?
393
What is the greatest common factor of 178 and 19522417?
89
Calculate the greatest common divisor of 661560084 and 108.
36
What is the greatest common factor of 533029 and 7399?
7
What is the greatest common divisor of 3441237 and 157251?
3657
What is the greatest common factor of 120 and 1417128?
24
Calculate the greatest common factor of 3722840 and 5830.
110
Calculate the greatest common divisor of 79614 and 28584.
18
What is the highest common divisor of 12366 and 293578?
458
Calculate the highest common divisor of 212441 and 1308.
109
Calculate the greatest common factor of 82789 and 23597.
7
What is the highest common factor of 30 and 419910?
30
What is the greatest common factor of 65073372 and 1248?
156
Calculate the highest common divisor of 3876 and 336532.
68
What is the greatest common factor of 19020219 and 8787?
303
What is the greatest common divisor of 22329 and 522828?
27
What is the greatest common divisor of 302 and 1487858?
2
Calculate the greatest common divisor of 308584 and 637589.
2269
What is the greatest common divisor of 13822185 and 949?
949
What is the greatest common factor of 167717000 and 10120?
440
Calculate the greatest common factor of 36859 and 1111715.
1189
What is the greatest common divisor of 74 and 19145021?
37
What is the highest common divisor of 414152 and 344?
8
Calculate the greatest common divisor of 8764 and 7061593.
2191
What is the greatest common factor of 704 and 5090864?
16
What is the highest common factor of 13991 and 65977?
17
What is the greatest common divisor of 12188035 and 1205?
5
What is the highest common divisor of 369297 and 7992?
333
Calculate the greatest common factor of 7001430 and 1334.
46
What is the highest common divisor of 2449207 and 34?
17
What is the greatest common divisor of 31203521 and 907?
907
What is the greatest common factor of 26010 and 16761510?
90
Calculate the highest common factor of 5921202 and 68.
34
What is the greatest common factor of 453017 and 152?
19
What is the highest common divisor of 16470 and 17385?
915
What is the highest common divisor of 2009 and 11399353?
287
What is the highest common factor of 1068 and 587126058?
534
What is the highest common factor of 8472708 and 221616?
2052
Calculate the greatest common divisor of 53636 and 3409428.
1012
Calculate the highest common divisor of 1798 and 4231376.
62
What is the greatest common divisor of 75321 and 217594?
8369
Calculate the highest common divisor of 154056 and 952632.
3144
What is the highest common factor of 78873 and 38613?
183
Calculate the highest common factor of 2272 and 302912.
32
Calculate the greatest common factor of 2386592 and 312.
104
Calculate the highest common divisor of 284 and 2734210.
142
Calculate the greatest common factor of 76019 and 906167.
19
Calculate the highest common factor of 741579624 and 17496.
5832
Calculate the highest common factor of 306638376 and 198.
66
Calculate the greatest common factor of 30045 and 955.
5
Calculate the highest common factor of 162 and 501894.
18
Calculate the highest common factor of 1832 and 102851457.
229
What is the greatest common divisor of 14444 and 9077740?
628
Calculate the greatest common d